{"id":2,"date":"2011-05-02T19:04:25","date_gmt":"2011-05-02T19:04:25","guid":{"rendered":"http:\/\/judit.landthaller.hu\/?page_id=2"},"modified":"2021-03-13T18:37:15","modified_gmt":"2021-03-13T18:37:15","slug":"nevjegy","status":"publish","type":"page","link":"https:\/\/landthaller.hu\/?page_id=2","title":{"rendered":"Kapcsolat \/ Contact"},"content":{"rendered":"<h4><span style=\"color: #939393;\">A honlapon bemutatott k\u00e9pek \u00e9s az albumok megv\u00e1s\u00e1rolhat\u00f3k. \/\u00a0The photographs and the photoalbums on the website are available to purchase.<\/span><\/h4>\n<h4><span style=\"color: #939393;\">Telefon \/ Phone: \u00a0+36-20-5946-413<\/span><\/h4>\n<p>&nbsp;<\/p>\n<div role=\"form\" class=\"wpcf7\" id=\"wpcf7-f3532-o1\" lang=\"en-US\" dir=\"ltr\">\n<div class=\"screen-reader-response\" role=\"alert\" aria-live=\"polite\"><\/div>\n<form action=\"\/index.php?rest_route=%2Fwp%2Fv2%2Fpages%2F2#wpcf7-f3532-o1\" method=\"post\" class=\"wpcf7-form init\" novalidate=\"novalidate\">\n<div style=\"display: none;\">\n<input type=\"hidden\" name=\"_wpcf7\" value=\"3532\" \/>\n<input type=\"hidden\" name=\"_wpcf7_version\" value=\"5.2.2\" \/>\n<input type=\"hidden\" name=\"_wpcf7_locale\" value=\"en_US\" \/>\n<input type=\"hidden\" name=\"_wpcf7_unit_tag\" value=\"wpcf7-f3532-o1\" \/>\n<input type=\"hidden\" name=\"_wpcf7_container_post\" value=\"0\" \/>\n<input type=\"hidden\" name=\"_wpcf7_posted_data_hash\" value=\"\" \/>\n<\/div>\n<p>N\u00e9v \/ Name<br \/>\n    <span class=\"wpcf7-form-control-wrap your-name\"><input type=\"text\" name=\"your-name\" value=\"\" size=\"40\" class=\"wpcf7-form-control wpcf7-text wpcf7-validates-as-required\" aria-required=\"true\" aria-invalid=\"false\" \/><\/span> <\/p>\n<p>E-mail \/ E-mail address<br \/>\n    <span class=\"wpcf7-form-control-wrap your-email\"><input type=\"email\" name=\"your-email\" value=\"\" size=\"40\" class=\"wpcf7-form-control wpcf7-text wpcf7-email wpcf7-validates-as-required wpcf7-validates-as-email\" aria-required=\"true\" aria-invalid=\"false\" \/><\/span> <\/p>\n<p>T\u00e1rgy \/ Subject<br \/>\n    <span class=\"wpcf7-form-control-wrap your-subject\"><input type=\"text\" name=\"your-subject\" value=\"\" size=\"40\" class=\"wpcf7-form-control wpcf7-text\" aria-invalid=\"false\" \/><\/span> <\/p>\n<p>\u00dczenet \/ Message<br \/>\n    <span class=\"wpcf7-form-control-wrap your-message\"><textarea name=\"your-message\" cols=\"40\" rows=\"10\" class=\"wpcf7-form-control wpcf7-textarea\" aria-invalid=\"false\"><\/textarea><\/span> <\/p>\n<p>Ellen\u0151rz\u0151 k\u00f3d \/ Verification code<br \/>\n    <input type=\"hidden\" name=\"_wpcf7_captcha_challenge_captcha-958\" value=\"1300084114\" \/><img class=\"wpcf7-form-control wpcf7-captchac wpcf7-captcha-captcha-958\" width=\"72\" height=\"24\" alt=\"captcha\" src=\"https:\/\/landthaller.hu\/wp-content\/uploads\/wpcf7_captcha\/1300084114.png\" \/> <\/p>\n<p><span class=\"wpcf7-form-control-wrap captcha-958\"><input type=\"text\" name=\"captcha-958\" value=\"\" size=\"40\" class=\"wpcf7-form-control wpcf7-captchar\" autocomplete=\"off\" aria-invalid=\"false\" \/><\/span> <\/p>\n<p><input type=\"submit\" value=\"K\u00fcld\u00e9s \/ Send\" class=\"wpcf7-form-control wpcf7-submit\" \/><\/p>\n<div class=\"wpcf7-response-output\" role=\"alert\" aria-hidden=\"true\"><\/div><\/form><\/div>\n","protected":false},"excerpt":{"rendered":"<p>A honlapon bemutatott k\u00e9pek \u00e9s az albumok megv\u00e1s\u00e1rolhat\u00f3k. \/\u00a0The photographs and the photoalbums on the website are available to purchase. Telefon \/ Phone: \u00a0+36-20-5946-413 &nbsp;<\/p>\n","protected":false},"author":2,"featured_media":0,"parent":0,"menu_order":10,"comment_status":"closed","ping_status":"open","template":"","meta":[],"_links":{"self":[{"href":"https:\/\/landthaller.hu\/index.php?rest_route=\/wp\/v2\/pages\/2"}],"collection":[{"href":"https:\/\/landthaller.hu\/index.php?rest_route=\/wp\/v2\/pages"}],"about":[{"href":"https:\/\/landthaller.hu\/index.php?rest_route=\/wp\/v2\/types\/page"}],"author":[{"embeddable":true,"href":"https:\/\/landthaller.hu\/index.php?rest_route=\/wp\/v2\/users\/2"}],"replies":[{"embeddable":true,"href":"https:\/\/landthaller.hu\/index.php?rest_route=%2Fwp%2Fv2%2Fcomments&post=2"}],"version-history":[{"count":16,"href":"https:\/\/landthaller.hu\/index.php?rest_route=\/wp\/v2\/pages\/2\/revisions"}],"predecessor-version":[{"id":4242,"href":"https:\/\/landthaller.hu\/index.php?rest_route=\/wp\/v2\/pages\/2\/revisions\/4242"}],"wp:attachment":[{"href":"https:\/\/landthaller.hu\/index.php?rest_route=%2Fwp%2Fv2%2Fmedia&parent=2"}],"curies":[{"name":"wp","href":"https:\/\/api.w.org\/{rel}","templated":true}]}}